{"id":255,"date":"2026-05-15T15:21:46","date_gmt":"2026-05-15T12:21:46","guid":{"rendered":"https:\/\/www.stendustrimedyagrup.com\/?page_id=255"},"modified":"2026-05-15T15:50:24","modified_gmt":"2026-05-15T12:50:24","slug":"acik-pozisyonlar","status":"publish","type":"page","link":"https:\/\/www.stendustrimedyagrup.com\/?page_id=255","title":{"rendered":"A\u00e7\u0131k Pozisyonlar"},"content":{"rendered":"\t\t<div data-elementor-type=\"wp-page\" data-elementor-id=\"255\" class=\"elementor elementor-255\">\n\t\t\t\t<div class=\"aux-parallax-section elementor-element elementor-element-161b1ca e-flex e-con-boxed e-con e-parent\" data-id=\"161b1ca\" data-element_type=\"container\" data-e-type=\"container\" data-settings=\"{&quot;background_background&quot;:&quot;gradient&quot;}\">\n\t\t\t\t\t<div class=\"e-con-inner\">\n\t\t<div class=\"elementor-element elementor-element-464221a e-con-full e-flex e-con e-child\" data-id=\"464221a\" data-element_type=\"container\" data-e-type=\"container\">\n\t\t\t\t<div class=\"elementor-element elementor-element-9708f78 aux-appear-watch-animation aux-slide-from-bot elementor-widget elementor-widget-aux_modern_heading\" data-id=\"9708f78\" data-element_type=\"widget\" data-e-type=\"widget\" data-widget_type=\"aux_modern_heading.default\">\n\t\t\t\t<div class=\"elementor-widget-container\">\n\t\t\t\t\t<section class=\"aux-widget-modern-heading\">\n            <div class=\"aux-widget-inner\"><h2 class=\"aux-modern-heading-primary\">A\u00e7\u0131k Pozisyonlar<\/h2><\/div>\n        <\/section>\t\t\t\t<\/div>\n\t\t\t\t<\/div>\n\t\t\t\t<\/div>\n\t\t\t\t\t<\/div>\n\t\t\t\t<\/div>\n\t\t<div class=\"aux-parallax-section elementor-element elementor-element-55a4c53 e-flex e-con-boxed e-con e-parent\" data-id=\"55a4c53\" data-element_type=\"container\" data-e-type=\"container\">\n\t\t\t\t\t<div class=\"e-con-inner\">\n\t\t<div class=\"elementor-element elementor-element-794e79d e-con-full e-flex e-con e-child\" data-id=\"794e79d\" data-element_type=\"container\" data-e-type=\"container\">\n\t\t<div class=\"elementor-element elementor-element-3bc336e e-con-full e-flex e-con e-child\" data-id=\"3bc336e\" data-element_type=\"container\" data-e-type=\"container\">\n\t\t\t\t<div class=\"aux-scroll-anim elementor-element elementor-element-09d1f86 elementor-widget__width-auto aux-appear-watch-animation aux-scale-down elementor-widget elementor-widget-aux_image\" data-move-in=\"rotateIn\" data-move-out=\"rotateIn\" data-axis-x=\"200\" data-axis-y=\"200\" data-rotate=\"1\" data-scale=\"1\" data-vp-top=\"0.5\" data-vp-bot=\"0.5\" data-el-top=\"0.2\" data-scroll-animation-off=\"1024\" data-id=\"09d1f86\" data-element_type=\"widget\" data-e-type=\"widget\" data-widget_type=\"aux_image.default\">\n\t\t\t\t<div class=\"elementor-widget-container\">\n\t\t\t\t\t<section class=\"widget-container aux-widget-image aux-alignnone aux-parent-au04b43382\">\n    <div class=\"aux-media-hint-frame \">\n        <div class=\"aux-media-image \" >\n        \n            \n\n            \n            <img fetchpriority=\"high\" decoding=\"async\" width=\"1800\" height=\"1800\" src=\"https:\/\/www.stendustrimedyagrup.com\/wp-content\/uploads\/2026\/05\/3203a134-40x40.jpg\" class=\"aux-attachment aux-featured-image aux-attachment-id-260 aux-preload aux-has-preview\" alt=\"3203a134\" data-ratio=\"1\" data-original-w=\"1800\" data-src=\"https:\/\/www.stendustrimedyagrup.com\/wp-content\/uploads\/2026\/05\/3203a134.jpg\" \/>            \n                <\/div>\n    <\/div>\n\n<\/section><!-- widget-container -->\t\t\t\t<\/div>\n\t\t\t\t<\/div>\n\t\t\t\t<\/div>\n\t\t<div class=\"elementor-element elementor-element-5af5bdb e-con-full e-flex e-con e-child\" data-id=\"5af5bdb\" data-element_type=\"container\" data-e-type=\"container\">\n\t\t\t\t<div class=\"elementor-element elementor-element-8867a03 aux-appear-watch-animation aux-fade-in elementor-widget elementor-widget-aux_modern_heading\" data-id=\"8867a03\" data-element_type=\"widget\" data-e-type=\"widget\" data-widget_type=\"aux_modern_heading.default\">\n\t\t\t\t<div class=\"elementor-widget-container\">\n\t\t\t\t\t<section class=\"aux-widget-modern-heading\">\n            <div class=\"aux-widget-inner\"><h3 class=\"aux-modern-heading-primary\">A\u00e7\u0131k Pozisyonlar<\/h3><h2 class=\"aux-modern-heading-secondary\"><span class=\"aux-head-highlight\">\u200bSekt\u00f6r\u00fcn Lideriyle Gelece\u011finizi \u0130n\u015fa Edin <\/span><\/h2><div class=\"aux-modern-heading-description\"><p>\u200bT\u00fcrkiye\u2019nin en g\u00fc\u00e7l\u00fc end\u00fcstriyel medya platformu olan ST End\u00fcstri Medya Grup'ta kariyer; prestij, istikrar vadediyoruz. 28 y\u0131l\u0131 a\u015fk\u0131n tecr\u00fcbemiz ve \u00e7ok kanall\u0131 medya g\u00fcc\u00fcm\u00fczle, iyi sat\u0131c\u0131lara iyi bir i\u015f vadediyoruz.<\/p><p><strong>Hem Fuar Hem \u00c7ok Kanall\u0131 Reklam Sat\u0131\u015f\u0131 ile Daha \u00c7ok Kazan\u0131n<\/strong><\/p><p>\u200bBiz sadece sat\u0131\u015f yapm\u0131yoruz, \u00e7\u00f6z\u00fcm sunuyoruz. \"Sat\u0131\u015f benim i\u015fim\" diyorsan\u0131z ve ikna kabiliyetinize g\u00fcveniyorsan\u0131z do\u011fru yerdesiniz. Ba\u015far\u0131n\u0131z\u0131 sadece alk\u0131\u015fla de\u011fil, her ay d\u00fczenli \u00f6denen ve s\u0131n\u0131r\u0131 olmayan y\u00fcksek prim sistemiyle \u00f6d\u00fcllendiriyoruz. Kendine g\u00fcvenen profesyoneller i\u00e7in burada limit yok.<\/p><p><strong>\u200bTan\u0131\u015fmak \u0130\u00e7in \u0130\u015f Aray\u0131\u015f\u0131nda Olman\u0131z \u015eart De\u011fil<\/strong><\/p><p>\u200b\u015eu an aktif bir aray\u0131\u015f\u0131n\u0131z olmayabilir; ancak vizyonumuz ilginizi \u00e7ektiyse tan\u0131\u015fmam\u0131z yararl\u0131 olacakt\u0131r. Gelecekteki f\u0131rsatlar i\u00e7in a\u015fa\u011f\u0131daki formu doldurarak bizimle ileti\u015fime ge\u00e7ebilirsiniz.<\/p><p><strong>\u200bBa\u015fvuru ve CV G\u00f6nderimi \u0130\u00e7in:<\/strong><br \/><a href=\"mailto:ik@stendustrimedyagrup.com\"><span style=\"text-decoration: underline\">ik@stendustrimedyagrup.com<\/span><\/a><\/p><\/div><\/div>\n        <\/section>\t\t\t\t<\/div>\n\t\t\t\t<\/div>\n\t\t\t\t<\/div>\n\t\t\t\t<\/div>\n\t\t\t\t\t<\/div>\n\t\t\t\t<\/div>\n\t\t<div class=\"aux-parallax-section elementor-element elementor-element-d5f2a5d e-flex e-con-boxed e-con e-parent\" data-id=\"d5f2a5d\" data-element_type=\"container\" data-e-type=\"container\">\n\t\t\t\t\t<div class=\"e-con-inner\">\n\t\t\t\t<div class=\"elementor-element elementor-element-0f9f35f elementor-widget elementor-widget-html\" data-id=\"0f9f35f\" data-element_type=\"widget\" data-e-type=\"widget\" data-widget_type=\"html.default\">\n\t\t\t\t<div class=\"elementor-widget-container\">\n\t\t\t\t\t<iframe data-tally-src=\"https:\/\/tally.so\/embed\/obK56O?hideTitle=1&dynamicHeight=1\" loading=\"lazy\" width=\"100%\" height=\"692\" frameborder=\"0\" marginheight=\"0\" marginwidth=\"0\" title=\"A\u00e7\u0131k Pozisyonlar\"><\/iframe>\n<script>var d=document,w=\"https:\/\/tally.so\/widgets\/embed.js\",v=function(){\"undefined\"!=typeof Tally?Tally.loadEmbeds():d.querySelectorAll(\"iframe[data-tally-src]:not([src])\").forEach((function(e){e.src=e.dataset.tallySrc}))};if(\"undefined\"!=typeof Tally)v();else if(d.querySelector('script[src=\"'+w+'\"]')==null){var s=d.createElement(\"script\");s.src=w,s.onload=v,s.onerror=v,d.body.appendChild(s);}<\/script>\t\t\t\t<\/div>\n\t\t\t\t<\/div>\n\t\t\t\t\t<\/div>\n\t\t\t\t<\/div>\n\t\t\t\t<\/div>\n\t\t","protected":false},"excerpt":{"rendered":"<p>A\u00e7\u0131k Pozisyonlar A\u00e7\u0131k Pozisyonlar \u200bSekt\u00f6r\u00fcn Lideriyle Gelece\u011finizi \u0130n\u015fa Edin \u200bT\u00fcrkiye\u2019nin en g\u00fc\u00e7l\u00fc end\u00fcstriyel medya platformu olan ST End\u00fcstri Medya Grup&#8217;ta kariyer; prestij, istikrar vadediyoruz. 28 y\u0131l\u0131 a\u015fk\u0131n tecr\u00fcbemiz ve \u00e7ok kanall\u0131 medya g\u00fcc\u00fcm\u00fczle, iyi sat\u0131c\u0131lara iyi bir i\u015f vadediyoruz. Hem Fuar Hem \u00c7ok Kanall\u0131 Reklam Sat\u0131\u015f\u0131 ile Daha \u00c7ok Kazan\u0131n \u200bBiz sadece sat\u0131\u015f yapm\u0131yoruz, \u00e7\u00f6z\u00fcm [&hellip;]<\/p>\n","protected":false},"author":1,"featured_media":0,"parent":0,"menu_order":0,"comment_status":"closed","ping_status":"closed","template":"templates\/page-builder-content.php","meta":{"footnotes":""},"class_list":["post-255","page","type-page","status-publish","hentry"],"_links":{"self":[{"href":"https:\/\/www.stendustrimedyagrup.com\/index.php?rest_route=\/wp\/v2\/pages\/255","targetHints":{"allow":["GET"]}}],"collection":[{"href":"https:\/\/www.stendustrimedyagrup.com\/index.php?rest_route=\/wp\/v2\/pages"}],"about":[{"href":"https:\/\/www.stendustrimedyagrup.com\/index.php?rest_route=\/wp\/v2\/types\/page"}],"author":[{"embeddable":true,"href":"https:\/\/www.stendustrimedyagrup.com\/index.php?rest_route=\/wp\/v2\/users\/1"}],"replies":[{"embeddable":true,"href":"https:\/\/www.stendustrimedyagrup.com\/index.php?rest_route=%2Fwp%2Fv2%2Fcomments&post=255"}],"version-history":[{"count":7,"href":"https:\/\/www.stendustrimedyagrup.com\/index.php?rest_route=\/wp\/v2\/pages\/255\/revisions"}],"predecessor-version":[{"id":264,"href":"https:\/\/www.stendustrimedyagrup.com\/index.php?rest_route=\/wp\/v2\/pages\/255\/revisions\/264"}],"wp:attachment":[{"href":"https:\/\/www.stendustrimedyagrup.com\/index.php?rest_route=%2Fwp%2Fv2%2Fmedia&parent=255"}],"curies":[{"name":"wp","href":"https:\/\/api.w.org\/{rel}","templated":true}]}}